is the millions digit of 7386119762?
6
What is the hundred thousands digit of 158010711?
0
What is the hundreds digit of 59903570?
5
What is the hundreds digit of 55762404?
4
What is the ten thousands digit of 5398157191?
5
What is the thousands digit of 16820072?
0
What is the units digit of 117796469?
9
What is the ten thousands digit of 50981136?
8
What is the billions digit of 1766256340?
1
What is the units digit of 706433540?
0
What is the hundreds digit of 1820807098?
0
What is the thousands digit of 69228748?
8
What is the hundred millions digit of 438069846?
4
What is the ten millions digit of 51189040?
5
What is the tens digit of 2922594126?
2
What is the units digit of 52441935?
5
What is the hundreds digit of 349922583?
5
What is the millions digit of 1008783783?
8
What is the ten thousands digit of 340517390?
1
What is the thousands digit of 27148211?
8
What is the ten thousands digit of 2492572953?
7
What is the tens digit of 8515064752?
5
What is the thousands digit of 938872698?
2
What is the ten thousands digit of 1089247210?
4
What is the hundreds digit of 1295629256?
2
What is the millions digit of 8343130?
8
What is the ten thousands digit of 147690264?
9
What is the tens digit of 858189780?
8
What is the hundred millions digit of 382718808?
3
What is the ten thousands digit of 41048346?
4
What is the tens digit of 951530432?
3
What is the units digit of 46838233?
3
What is the millions digit of 7228221914?
8
What is the hundred thousands digit of 46138886?
1
What is the hundred millions digit of 7435970755?
4
What is the millions digit of 54098262?
4
What is the ten millions digit of 752632809?
5
What is the thousands digit of 913240861?
0
What is the millions digit of 35225409?
5
What is the ten millions digit of 63702712?
6
What is the hundreds digit of 95244841?
8
What is the ten thousands digit of 1821132721?
3
What is the hundred thousands digit of 250369988?
3
What is the hundred millions digit of 152783448?
1
What is the ten thousands digit of 557296988?
9
What is the hundreds digit of 62951777?
7
What is the hundred thousands digit of 64923833?
9
What is the ten millions digit of 659736406?
5
What is the millions digit of 2904181723?
4
What is the hundreds digit of 4799015?
0
What is the ten thousands digit of 8646269?
4
What is the hundreds digit of 94497150?
1
What is the millions digit of 64054192?
4
What is the hundred millions digit of 3424800795?
4
What is the hundred thousands digit of 43799747?
7
What is the tens digit of 381875311?
1
What is the millions digit of 718221347?
8
What is the tens digit of 1989792?
9
What is the hundred millions digit of 880079473?
8
What is the hundreds digit of 694568667?
6
What is the thousands digit of 279537705?
7
What is the billions digit of 1168242970?
1
What is the hundred thousands digit of 235183710?
1
What is the millions digit of 757117850?
7
What is the hundred millions digit of 2658528473?
6
What is the hundreds digit of 5857426805?
8
What is the hundred millions digit of 463813681?
4
What is the ten millions digit of 158768074?
5
What is the millions digit of 217274337?
7
What is the hundreds digit of 414942066?
0
What is the millions digit of 185178901?
5
What is the hundred thousands digit of 55567498?
5
What is the tens digit of 399033111?
1
What is the ten thousands digit of 39708157?
0
What is the ten thousands digit of 43134448?
3
What is the millions digit of 174368393?
4
What is the millions digit of 95014786?
5
What is the billions digit of 1811641252?
1
What is the hundred thousands digit of 2243924221?
9
What is the millions digit of 129545996?
9
What is the hundreds digit of 6286672826?
8
What is the tens digit of 261660657?
5
What is the hundred thousands digit of 5487928218?
9
What is the hundreds digit of 3250735679?
6
What is the units digit of 355586619?
9
What is the hundred thousands digit of 67154534?
1
What is the hundreds digit of 50176298?
2
What is the ten thousands digit of 182646837?
4
What is the hundred thousands digit of 362233543?
2
What is the hundred millions digit of 212114598?
2
What is the billions digit of 6322882402?
6
What is the units digit of 70109549?
9
What is the hundred thousands digit of 141858896?
8
What is the tens digit of 3493217878?
7
What is the thousands digit of 370150464?
0
What is the hundreds digit of 59779652?
6
What is the tens digit of 1324354882?
8
What is the tens digit of 1343002690?
9
What is the hundreds digit of 154327954?
9
What is the units digit of 398888686?
6
What is the units digit of 84655871?
1
What is the tens digit of 833657698?
9
What is the ten millions digit of 594166428?
9
What is the ten millions digit of 805883674?
0
What is the hundreds digit of 244364672?
6
What is the hundred thousands digit of 91911725?
9
What is the millions digit of 162807375?
2
What is the ten thousands digit of 302787641?
8
What is the hundred millions digit of 1074476552?
0
What is the tens digit of 291791931?
3
What is the ten thousands digit of 77576706?
7
What is the hundred thousands digit of 230672151?
6
What is the ten millions digit of 1146073058?
4
What is the hundred thousands digit of 130828932?
8
What is the ten millions digit of 195251009?
9
What is the units digit of 8232564?
4
What is the hundred thousands digit of 2431530000?
5
What is the hundred thousands digit of 68978677?
9
What is the hundreds digit of 16060778?
7
What is the hundred millions digit of 943555865?
9
What is the millions digit of 125092688?
5
What is the hundred millions digit of 357160494?
3
What is the tens digit of 230894165?
6
What is the tens digit of 59819752?
5
What is the tens digit of 2670589275?
7
What is the millions digit of 116247602?
6
What is the hundred millions digit of 262007976?
2
What is the thousands digit of 29753799?
3
What is the ten thousands digit of 90745965?
4
What is the thousands digit of 325112561?
2
What is the millions digit of 259432575?
9
What is the units digit of 32962186?
6
What is the millions digit of 4575092?
4
What is the millions digit of 6106764?
6
What is the units digit of 5497432?
2
What is the billions digit of 6322419800?
6
What is the hundred millions digit of 3853334022?
8
What is the hundred thousands digit of 76174968?
1
What is the billions digit of 1101420521?
1
What is the ten millions digit of 207206598?
0
What is the thousands digit of 262653382?
3
What is the millions digit of 628730941?
8
What is the millions digit of 7873082?
7
What is the units digit of 4975979776?
6
What is the ten thousands digit of 3111383647?
8
What is the units digit of 349186900?
0
What is the millions digit of 445454738?
5
What is the hundred millions digit of 3952929739?
9
What is the ten thousands digit of 1034083640?
8
What is the thousands digit of 104874796?
4
What is the thousands digit of 18553397?
3
What is the thousands digit of 661611996?
1
What is the millions digit of 3589055?
3
What is the units digit of 143724375?
5
What is the hundreds digit of 302375600?
6
What is the tens digit of 813885646?
4
What is the ten millions digit of 5378150853?
7
What is the thousands digit of 40233108?
3
What is the tens digit of 318943157?
5
What is the tens digit of 41652270?
7
What is the hundred thousands digit of 49012889?
0
What is the hundred millions digit of 227854878?
2
What is the billions digit of 6621653050?
6
What is the tens digit of 22754779?
7
What is the thousands digit of 2105945131?
5
What is the thousands digit of 115491146?
1
What is the hundreds digit of 190857946?
9
What is the ten thousands digit of 40722381?
2
What is the thousands digit of 1412094781?
4
What is the tens digit of 2505488637?
3
What is the millions digit of 83195417?
3
What is the hundreds digit of 42635580?
5
What is the hundred millions digit of 961370441?
9
What is the tens digit of 1346785485?
8
What is the hundreds digit of 1969362911?
9
What is the hundred thousands digit of 14803837?
8
What is the thousands digit of 2542942778?
2
What is the tens digit of 139323555?
5
What is the ten millions digit of 67504394?
6
What is the ten thousands digit of 6627474?
2
What is the hundreds digit of 35927817?
8
What is the hundred millions digit of 7212137883?
2
What is the hundred thousands digit of 98